at is d(-9)?
-10
Let h(n) = 2*n**2 - 15*n + 17. What is h(5)?
-8
Let d(m) = 2*m - 13. Give d(13).
13
Let d(m) = 5*m + 144. What is d(-33)?
-21
Let k(v) = -2*v**2 - 15*v - 11. Give k(-6).
7
Let a(b) = -b**3 - 6*b**2 - 9*b - 11. Give a(-5).
9
Let m(u) = 6*u + 2. What is m(-1)?
-4
Let c(l) = l + 34. What is c(11)?
45
Let f(z) = z**2 - 3*z - 2. Determine f(6).
16
Let s(d) = d - 1. What is s(5)?
4
Let u(p) = -p**2 + 6*p - 1. Give u(4).
7
Let f(j) = -j**3 - j**2 + 4*j + 48. Give f(0).
48
Let f(h) = -h**3 + 17*h**2 - 18*h + 19. What is f(16)?
-13
Let u(j) = 6*j + 12. What is u(-1)?
6
Let l(m) = m**3 + 8*m**2 + 13*m + 4. Give l(-6).
-2
Let u(y) = -y + 19. Give u(9).
10
Let d(b) = b**3 - 2*b**2 - 18. What is d(5)?
57
Let g(v) = v**3 - 8*v**2 + v + 12. What is g(6)?
-54
Let b(w) = -w**2 - 20*w + 39. Give b(-22).
-5
Let r(c) = 5*c - 54. Calculate r(13).
11
Let f(q) = q**3 + 16*q**2 + 18. What is f(-16)?
18
Let p(d) = -54*d + 221. Determine p(4).
5
Let c(q) = q**3 + 18*q**2 + q + 6. Determine c(-18).
-12
Let m(n) = -n**3 + 10*n**2 + 92*n - 29. Give m(-6).
-5
Let y(q) = -8*q + 6. Calculate y(7).
-50
Let z(y) = y**3 + 8*y**2 + 5*y - 23. Calculate z(-7).
-9
Let b(o) = -o**2 - 10*o - 17. Determine b(-8).
-1
Let w(j) = 123*j**2 - 4*j - 3. Calculate w(-1).
124
Let v(u) = 22*u + 147. Calculate v(-6).
15
Let s(c) = c**3 - 10*c**2 - 5*c + 12. Give s(10).
-38
Let g(v) = v**3 + 8*v**2 - 23*v - 100. Give g(-9).
26
Let q(l) = -2*l**2 - 60*l + 30. Determine q(-28).
142
Let j(r) = -2*r**2 - 6*r - 2. What is j(-4)?
-10
Let z(w) = 3*w + 19. Determine z(-7).
-2
Let j(r) = -31*r - 97. Determine j(-4).
27
Let u(g) = g**2 - 58*g + 811. What is u(35)?
6
Let o(j) = 6*j - 6. Give o(-3).
-24
Let m(s) = -4*s - 55. Calculate m(-19).
21
Let t(b) = -b**3 + 22*b**2 + 24*b + 4. Calculate t(23).
27
Let t(x) = x**3 + 5*x**2 - 25*x - 13. Give t(-8).
-5
Let w(x) = -4*x**2 - 5*x + 2. Calculate w(3).
-49
Let m(k) = -2*k**2 - 3*k + 14. Give m(-4).
-6
Let c(x) = x - 6. Give c(9).
3
Let t(s) = s**3 + 5*s**2 - 2*s - 9. What is t(-5)?
1
Let k(o) = o + 6. Calculate k(-9).
-3
Let l(s) = 3*s**2 + 3*s. Give l(3).
36
Let b(q) = q**3 + 9*q**2 + 4*q + 1. Determine b(-6).
85
Let s(l) = l**3 - 3*l**2 + 4*l + 4. Give s(3).
16
Let l(t) = t**3 + 3*t**2 - 16*t + 16. Calculate l(-6).
4
Let q(s) = s**2 - 3*s - 45. Calculate q(8).
-5
Let k(y) = 21*y - 235. What is k(11)?
-4
Let s(q) = 3*q**3 - q**2 - 2*q - 8. What is s(0)?
-8
Let p(b) = 14*b**3 + b**2 - 3*b + 1. Give p(1).
13
Let n(q) = q**3 + 12*q**2 - 3*q - 20. Give n(-11).
134
Let k(d) = -14*d - 2. Give k(-2).
26
Let x(b) = -7*b**3 - 5*b**2 + 4*b + 8. Calculate x(-3).
140
Let q(d) = -d**3 + 6*d**2 + 7*d - 9. Give q(6).
33
Let v(x) = 7*x - 125. Calculate v(19).
8
Let j(m) = 9*m**3 + m**2 - 5*m + 4. What is j(1)?
9
Let o(g) = -g**3 + 2*g**2 + 7*g - 4. Determine o(4).
-8
Let s(f) = f**2 + 6*f - 13. Determine s(-13).
78
Let z(q) = 25*q**2 - 323*q - 11. Determine z(13).
15
Let n(v) = -48*v + 204. Give n(4).
12
Let b(d) = -5*d**2 - 3*d. Calculate b(-4).
-68
Let c(g) = -g**2 + 24*g - 23. Calculate c(23).
0
Let i(g) = 3*g**2 + 9*g. What is i(-3)?
0
Let x(f) = 53*f**3 - f**2 - f - 1. Calculate x(-1).
-54
Let q(h) = 8*h**2 - h + 2. Determine q(2).
32
Let o(i) = 26*i**2 - 38*i - 37. Give o(-1).
27
Let w(v) = v + 2. What is w(7)?
9
Let d(q) = -18*q - 70. What is d(-3)?
-16
Let k(l) = l**2 + 18*l + 78. Determine k(-8).
-2
Let k(o) = -7*o**3 + 2*o**2 - 3*o + 2. Calculate k(1).
-6
Let g(m) = 3*m - 8. Calculate g(-6).
-26
Let t(g) = -2*g**2 - 10*g - 4. Determine t(-8).
-52
Let k(t) = 2*t**2 + 19*t + 9. Determine k(-10).
19
Let n(o) = -49*o + 1370. Calculate n(28).
-2
Let v(p) = -2*p**3 + 13*p**2 + 13*p - 16. Give v(7).
26
Let h(l) = l**3 + 11*l**2 - l - 16. Give h(-11).
-5
Let c(d) = 2*d**3 + 6*d**2 + 4*d - 2. Give c(-4).
-50
Let b(a) = 44*a + 388. What is b(-9)?
-8
Let c(u) = u**2 - 15*u + 12. Give c(13).
-14
Let p(f) = -f**3 - 13*f**2 + 4. Determine p(-13).
4
Let x(o) = 22*o - 148. Calculate x(7).
6
Let s(r) = r**2 - r + 13. Calculate s(0).
13
Let j(x) = -x**3 + 10*x**2 - x + 7. Calculate j(10).
-3
Let n(s) = 16*s + 151. Calculate n(-9).
7
Let j(f) = 6*f + 24. Calculate j(-5).
-6
Let d(z) = -3*z - 69. Determine d(-24).
3
Let g(z) = -z**3 + 3*z**2 + 3*z - 10. What is g(3)?
-1
Let m(f) = f**3 + 19*f**2 + f + 4. Give m(-19).
-15
Let p(y) = 7*y + 2. Calculate p(-6).
-40
Let o(l) = -l**3 - 8*l**2 - 6*l. Calculate o(-7).
-7
Let x(n) = n - 9. Calculate x(8).
-1
Let w(t) = t - 15. Determine w(7).
-8
Let o(a) = -2*a + 3. Calculate o(3).
-3
Let l(d) = -d**2 + d - 6. Determine l(0).
-6
Let n(q) = -4*q + 17. What is n(7)?
-11
Let v(k) = k**2 - 50*k + 604. What is v(29)?
-5
Let b(w) = -3*w - 19. What is b(-8)?
5
Let x(w) = w**2 - 5*w - 7. Determine x(6).
-1
Let i(m) = m**3 - 8*m**2 + 2*m + 14. What is i(7)?
-21
Let q(z) = 2*z**3 - 11*z**2 - 4*z - 13. What is q(6)?
-1
Let z(u) = -16*u - 222. Give z(-13).
-14
Let w(s) = 6*s - 18. Calculate w(2).
-6
Let v(x) = x**2 - 10*x + 16. What is v(7)?
-5
Let d(u) = 17*u - 115. What is d(8)?
21
Let t(j) = j - 7. Calculate t(-6).
-13
Let q(l) = -5*l**2 + l + 2. What is q(-2)?
-20
Let r(o) = -3*o - 22. Give r(-6).
-4
Let u(g) = g**3 + 4*g**2 - 15*g - 2. Give u(-5).
48
Let m(x) = 6*x - 79. Determine m(17).
23
Let u(v) = v**2 + 3*v + 6. What is u(-7)?
34
Let o(z) = 2*z**2 + 22*z + 59. Calculate o(-7).
3
Let h(i) = i**3 + 10*i**2 + 14*i - 6. Calculate h(-8).
10
Let t(j) = 12*j - 163. Determine t(13).
-7
Let g(d) = -d**2 - 12*d - 6. What is g(-11)?
5
Let b(k) = k + 6. What is b(-3)?
3
Let t(i) = -i**3 + 8*i**2 - 9*i + 4. Determine t(5).
34
Let m(p) = -6*p - 89. Determine m(-14).
-5
Let j(a) = -a - 4. Calculate j(-3).
-1
Let z(u) = 38*u**2 + 3*u + 3. Give z(-1).
38
Let w(t) = -6*t + 83. Calculate w(14).
-1
Let g(r) = -16*r - 63. Calculate g(-5).
17
Let c(p) = -2*p**2 + 39*p - 16. Give c(16).
96
Let n(c) = c**2 - 5*c - 10. Calculate n(6).
-4
Let p(w) = w**2 + 24*w - 182. Give p(-30).
-2
Let w(r) = 2*r**2 - 77*r - 25. Determine w(39).
14
Let d(p) = -p**3 + 14*p**2 + 32*p + 12. Calculate d(16).
12
Let l(j) = j**3 - 17*j**2 - 20*j + 38. Give l(18).
2
Let o(g) = -4*g**2 - 3*g + 8. Give o(-3).
-19
Let x(m) = -7*m + 229. Calculate x(33).
-2
Let y(c) = c**2 + 5*c - 16. What is y(6)?
50
Let r(a) = -4*a**2 + 3*a + 11. What is r(-2)?
-11
Let o(n) = -11*n + 64. Determine o(19).
-145
Let t(a) = -a**3 - 6*a**2 + 40*a + 4. Calculate t(-10).
4
Let c(m) = -m - 10. Give c(-16).
6
Let a(k) = k**2 - 11*k + 23. Calculate a(7).
-5
Let q(c) = 11*c**2 - 22*c - 2. Calculate q(2).
-2
Let b(g) = -5*g + 10. What is b(8)?
-30
Let x(j) = j**2 - 5*j + 7. Calculate x(2).
1
Let w(h) = 7*h - 23. Determine w(7).
26
Let o(a) = -20*a + 7. Give o(3).
-53
Let p(a) = -50*a - 25. Determine p(-4).
175
Let x(g) = g - 25. Determine x(10).
-15
Let r(j) = -j**2 - 10*j - 2. What is r(-9)?
7
Let p(g) = 2*g**2 - 6*g - 6. Calculate p(6).
30
Let s(r) = 2*r**2 - 5*r + 3. Calculate s(3).
6
Let o(l) = -7*l - 48. Give o(-5).
-13
Let h(k) = -10*k**2 - 13*k - 13. Give h(-1).
-10
Let h(f) = f**2 + 10*f + 8. Determine h(-8).
-8
Let w(p) = -p**2 - 17*p - 22. What is w(-11)?
44
Let j(k) = -k**2 + 17*k + 23. Give j(18).
5
Let g(z) = 2*z - 14. Determine g(6).
-2
Let y(b) = b**3 - 8*b**2 + 3*b + 4. What is y(6)?
-50
Let f(r) = r**3 + 8*r**2 - 25*r + 5. Determine f(2).
-5
Let s(i) = 14*i - 59. What is s(5)?
11
Let l(n) = -n**2 - 15*n - 10. Give l(-11).
34
Let g(r) = -9*r - 29. What is g(-3)?
-2
Let u(n) = -3*n**2 + 2*n + 27. Calculate u(6).
-69
Let v(m) = m**3 + 6*m**2 - 2*m + 13. What is v(-7)?
-22
Let q(l) = 2*l. Calculate q(-1).
-2
Let o(t) = 36*t**3 + t**2 + t - 1. Calculate o(1).
37
Let z(g) = -3*g**3 - g**2 - 2*g + 2. Give z(1).
-4
Let f(p) = p**3 - 14*p**2 - 25*p + 19. Give f(16).
131
Let f(v) = -v**2 + 21*v - 28. What is f(11)?
82
Let a(k) = k**3 + 8*k**2 + 10*k + 1. What is a(-7)?
-20
Let i(b) = 3*b + 48. Determine i(-17).
-3
Let s(q) = -95*q**3 + 2*q**2 - q. Give s(1).
-94
Let g(z) = -z**2 - 5*z - 9. What is g(-7)?
-23
Let h(b) = -b**2 - 12*b + 6. Calculate h(-6).
42
Let q(c) = -c**2 - 5*c - 5. Give q(-5).
-5
Let g(w) = 3*w**3 - 2*w**2 + 3*w - 3. Give g(2).
19
Let a(p) = -p**2 - 7*p - 2. Give a(-5).
8
Let j(v) = -28*v + 142. What is j(5)?
2
Let d(w) = w**2 + 8*w + 1. Determine d(-7).
-6
Let n(i) = -i**3 +